[INFO] fetching crate libdeadmock 0.1.6...
[INFO] checking libdeadmock-0.1.6 against master#cfbc6d4cf1acbac5c025acf8ed68929caa551df3 for pr-75494-beta
[INFO] extracting crate libdeadmock 0.1.6 into /workspace/builds/worker-6/source
[INFO] validating manifest of crates.io crate libdeadmock 0.1.6 on toolchain cfbc6d4cf1acbac5c025acf8ed68929caa551df3
[INFO] running `Command { std: "/workspace/cargo-home/bin/cargo" "+cfbc6d4cf1acbac5c025acf8ed68929caa551df3" "read-manifest" "--manifest-path" "Cargo.toml", kill_on_drop: false }`
[INFO] started tweaking crates.io crate libdeadmock 0.1.6
[INFO] finished tweaking crates.io crate libdeadmock 0.1.6
[INFO] tweaked toml for crates.io crate libdeadmock 0.1.6 written to /workspace/builds/worker-6/source/Cargo.toml
[INFO] running `Command { std: "/workspace/cargo-home/bin/cargo" "+cfbc6d4cf1acbac5c025acf8ed68929caa551df3" "generate-lockfile" "--manifest-path" "Cargo.toml" "-Zno-index-update", kill_on_drop: false }`
[INFO] running `Command { std: "/workspace/cargo-home/bin/cargo" "+cfbc6d4cf1acbac5c025acf8ed68929caa551df3" "fetch" "--locked" "--manifest-path" "Cargo.toml", kill_on_drop: false }`
[INFO] [stderr]  Downloading crates ...
[INFO] [stderr]   Downloaded libeither v0.4.0
[INFO] [stderr]   Downloaded cached v0.18.0
[INFO] [stderr]   Downloaded hyper-proxy v0.7.0
[INFO] [stderr]   Downloaded typed-headers v0.2.0
[INFO] [stderr]   Downloaded tomlenv v0.4.1
[INFO] running `Command { std: "docker" "create" "-v" "/var/lib/crater-agent-workspace/builds/worker-6/target:/opt/rustwide/target:rw,Z" "-v" "/var/lib/crater-agent-workspace/builds/worker-6/source:/opt/rustwide/workdir:ro,Z" "-v" "/var/lib/crater-agent-workspace/cargo-home:/opt/rustwide/cargo-home:ro,Z" "-v" "/var/lib/crater-agent-workspace/rustup-home:/opt/rustwide/rustup-home:ro,Z" "-e" "SOURCE_DIR=/opt/rustwide/workdir" "-e" "CARGO_TARGET_DIR=/opt/rustwide/target" "-e" "CARGO_HOME=/opt/rustwide/cargo-home" "-e" "RUSTUP_HOME=/opt/rustwide/rustup-home" "-w" "/opt/rustwide/workdir" "-m" "1610612736" "--user" "0:0" "--network" "none" "rustops/crates-build-env@sha256:a636fd89d022f18117e1dc8fb37a0a009933cdbbe082814857f0e2024962d47c" "/opt/rustwide/cargo-home/bin/cargo" "+cfbc6d4cf1acbac5c025acf8ed68929caa551df3" "metadata" "--no-deps" "--format-version=1", kill_on_drop: false }`
[INFO] [stderr] WARNING: Your kernel does not support swap limit capabilities or the cgroup is not mounted. Memory limited without swap.
[INFO] [stdout] 0f166eb03d9771b2f6debb969c4a214819ee5b648b6f0a6cc6cf9e2c07d1016b
[INFO] running `Command { std: "docker" "start" "-a" "0f166eb03d9771b2f6debb969c4a214819ee5b648b6f0a6cc6cf9e2c07d1016b", kill_on_drop: false }`
[INFO] running `Command { std: "docker" "inspect" "0f166eb03d9771b2f6debb969c4a214819ee5b648b6f0a6cc6cf9e2c07d1016b", kill_on_drop: false }`
[INFO] running `Command { std: "docker" "rm" "-f" "0f166eb03d9771b2f6debb969c4a214819ee5b648b6f0a6cc6cf9e2c07d1016b", kill_on_drop: false }`
[INFO] [stdout] 0f166eb03d9771b2f6debb969c4a214819ee5b648b6f0a6cc6cf9e2c07d1016b
[INFO] running `Command { std: "docker" "create" "-v" "/var/lib/crater-agent-workspace/builds/worker-6/target:/opt/rustwide/target:rw,Z" "-v" "/var/lib/crater-agent-workspace/builds/worker-6/source:/opt/rustwide/workdir:ro,Z" "-v" "/var/lib/crater-agent-workspace/cargo-home:/opt/rustwide/cargo-home:ro,Z" "-v" "/var/lib/crater-agent-workspace/rustup-home:/opt/rustwide/rustup-home:ro,Z" "-e" "SOURCE_DIR=/opt/rustwide/workdir" "-e" "CARGO_TARGET_DIR=/opt/rustwide/target" "-e" "CARGO_INCREMENTAL=0" "-e" "RUST_BACKTRACE=full" "-e" "RUSTFLAGS=--cap-lints=forbid" "-e" "CARGO_HOME=/opt/rustwide/cargo-home" "-e" "RUSTUP_HOME=/opt/rustwide/rustup-home" "-w" "/opt/rustwide/workdir" "-m" "1610612736" "--user" "0:0" "--network" "none" "rustops/crates-build-env@sha256:a636fd89d022f18117e1dc8fb37a0a009933cdbbe082814857f0e2024962d47c" "/opt/rustwide/cargo-home/bin/cargo" "+cfbc6d4cf1acbac5c025acf8ed68929caa551df3" "check" "--frozen" "--all" "--all-targets" "--message-format=json", kill_on_drop: false }`
[INFO] [stdout] f19c3e1bdd33a9fdab33c4f0f35863cf4948f5544fa5c772833f84a16a8180f5
[INFO] [stderr] WARNING: Your kernel does not support swap limit capabilities or the cgroup is not mounted. Memory limited without swap.
[INFO] running `Command { std: "docker" "start" "-a" "f19c3e1bdd33a9fdab33c4f0f35863cf4948f5544fa5c772833f84a16a8180f5", kill_on_drop: false }`
[INFO] [stderr]    Compiling autocfg v1.0.1
[INFO] [stderr]     Checking cfg-if v0.1.10
[INFO] [stderr]    Compiling maybe-uninit v2.0.0
[INFO] [stderr]     Checking futures v0.1.29
[INFO] [stderr]    Compiling byteorder v1.3.4
[INFO] [stderr]    Compiling serde v1.0.115
[INFO] [stderr]     Checking pin-project-lite v0.1.7
[INFO] [stderr]    Compiling fnv v1.0.7
[INFO] [stderr]    Compiling ident_case v1.0.1
[INFO] [stderr]    Compiling failure_derive v0.1.8
[INFO] [stderr]     Checking gimli v0.22.0
[INFO] [stderr]     Checking adler v0.2.3
[INFO] [stderr]     Checking unicode-width v0.1.8
[INFO] [stderr]    Compiling event-listener v2.4.0
[INFO] [stderr]     Checking rustc-demangle v0.1.16
[INFO] [stderr]     Checking object v0.20.0
[INFO] [stderr]     Checking ansi_term v0.11.0
[INFO] [stderr]     Checking strsim v0.8.0
[INFO] [stderr]     Checking regex-syntax v0.6.18
[INFO] [stderr]     Checking take_mut v0.2.2
[INFO] [stderr]     Checking tracing-core v0.1.14
[INFO] [stderr]     Checking thread_local v1.0.1
[INFO] [stderr]     Checking tokio-trace-core v0.1.0
[INFO] [stderr]     Checking futures-task v0.3.5
[INFO] [stderr]     Checking futures-channel v0.3.5
[INFO] [stderr]     Checking http v0.2.1
[INFO] [stderr]     Checking textwrap v0.11.0
[INFO] [stderr]     Checking miniz_oxide v0.4.0
[INFO] [stderr]     Checking async-mutex v1.1.5
[INFO] [stderr]     Checking log v0.4.11
[INFO] [stderr]     Checking memchr v2.3.3
[INFO] [stderr]     Checking iovec v0.1.4
[INFO] [stderr]     Checking net2 v0.2.34
[INFO] [stderr]     Checking num_cpus v1.13.0
[INFO] [stderr]     Checking time v0.1.43
[INFO] [stderr]     Checking dirs-sys v0.3.5
[INFO] [stderr]     Checking socket2 v0.3.12
[INFO] [stderr]     Checking atty v0.2.14
[INFO] [stderr]     Checking rand_os v0.1.3
[INFO] [stderr]     Checking slog-try v0.2.0
[INFO] [stderr]    Compiling crossbeam-utils v0.7.2
[INFO] [stderr]    Compiling openssl-sys v0.9.58
[INFO] [stderr]    Compiling num-traits v0.2.12
[INFO] [stderr]    Compiling hashbrown v0.8.2
[INFO] [stderr]    Compiling memoffset v0.5.5
[INFO] [stderr]    Compiling num-integer v0.1.43
[INFO] [stderr]    Compiling crossbeam-epoch v0.8.2
[INFO] [stderr]    Compiling indexmap v1.5.1
[INFO] [stderr]     Checking tracing v0.1.19
[INFO] [stderr]     Checking want v0.3.0
[INFO] [stderr]     Checking clap v2.33.3
[INFO] [stderr]     Checking dirs v2.0.2
[INFO] [stderr]     Checking smallvec v0.6.13
[INFO] [stderr]     Checking mio v0.6.22
[INFO] [stderr]     Checking rand v0.6.5
[INFO] [stderr]     Checking aho-corasick v0.7.13
[INFO] [stderr]    Compiling darling_core v0.10.2
[INFO] [stderr]    Compiling synstructure v0.12.4
[INFO] [stderr]     Checking term v0.6.1
[INFO] [stderr]    Compiling getset v0.1.1
[INFO] [stderr]     Checking parking_lot_core v0.6.2
[INFO] [stderr]     Checking bytes v0.4.12
[INFO] [stderr]     Checking futures-util v0.3.5
[INFO] [stderr]     Checking tokio v0.2.22
[INFO] [stderr]     Checking mio-uds v0.6.8
[INFO] [stderr]     Checking tokio-sync v0.1.8
[INFO] [stderr]     Checking parking_lot v0.9.0
[INFO] [stderr]     Checking tokio-executor v0.1.10
[INFO] [stderr]     Checking crossbeam-queue v0.2.3
[INFO] [stderr]     Checking crossbeam-channel v0.4.3
[INFO] [stderr]    Compiling openssl v0.10.30
[INFO] [stderr]    Compiling native-tls v0.2.4
[INFO] [stderr]     Checking tokio-io v0.1.13
[INFO] [stderr]     Checking tokio-timer v0.2.13
[INFO] [stderr]     Checking tokio-current-thread v0.1.7
[INFO] [stderr]     Checking http-body v0.3.1
[INFO] [stderr]     Checking crossbeam-deque v0.7.3
[INFO] [stderr]     Checking addr2line v0.13.0
[INFO] [stderr]     Checking regex v1.3.9
[INFO] [stderr]     Checking slog-async v2.5.0
[INFO] [stderr]     Checking tokio-reactor v0.1.12
[INFO] [stderr]     Checking tokio-codec v0.1.2
[INFO] [stderr]     Checking tokio-async-await v0.1.7
[INFO] [stderr]     Checking tokio-threadpool v0.1.18
[INFO] [stderr]     Checking backtrace v0.3.50
[INFO] [stdout] error[E0557]: feature has been removed
[INFO] [stdout]  --> /opt/rustwide/cargo-home/registry/src/github.com-1ecc6299db9ec823/tokio-async-await-0.1.7/src/lib.rs:2:44
[INFO] [stdout]   |
[INFO] [stdout] 2 | #![feature(rust_2018_preview, async_await, await_macro, futures_api)]
[INFO] [stdout]   |                                            ^^^^^^^^^^^ feature has been removed
[INFO] [stdout]   |
[INFO] [stdout]   = note: subsumed by `.await` syntax
[INFO] [stdout] 
[INFO] [stdout] 
[INFO] [stdout] error[E0432]: unresolved import `std::await`
[INFO] [stdout]   --> /opt/rustwide/cargo-home/registry/src/github.com-1ecc6299db9ec823/tokio-async-await-0.1.7/src/lib.rs:35:9
[INFO] [stdout]    |
[INFO] [stdout] 35 | pub use std::await as std_await;
[INFO] [stdout]    |         ^^^^^^^^^^^^^^^^^^^^^^^ no `await` in the root
[INFO] [stdout] 
[INFO] [stdout] 
[INFO] [stdout] error[E0554]: `#![feature]` may not be used on the beta release channel
[INFO] [stdout]  --> /opt/rustwide/cargo-home/registry/src/github.com-1ecc6299db9ec823/tokio-async-await-0.1.7/src/lib.rs:2:1
[INFO] [stdout]   |
[INFO] [stdout] 2 | #![feature(rust_2018_preview, async_await, await_macro, futures_api)]
[INFO] [stdout]   | ^^^^^^^^^^^^^^^^^^^^^^^^^^^^^^^^^^^^^^^^^^^^^^^^^^^^^^^^^^^^^^^^^^^^^
[INFO] [stdout] 
[INFO] [stdout] 
[INFO] [stdout] error: aborting due to 3 previous errors
[INFO] [stdout] 
[INFO] [stdout] 
[INFO] [stdout] Some errors have detailed explanations: E0432, E0554, E0557.
[INFO] [stdout] 
[INFO] [stdout] For more information about an error, try `rustc --explain E0432`.
[INFO] [stdout] 
[INFO] [stderr]     Checking chrono v0.4.15
[INFO] [stderr] error: could not compile `tokio-async-await`.
[INFO] [stderr] 
[INFO] [stderr] To learn more, run the command again with --verbose.
[INFO] [stderr] warning: build failed, waiting for other jobs to finish...
[INFO] [stderr] error: build failed
[INFO] running `Command { std: "docker" "inspect" "f19c3e1bdd33a9fdab33c4f0f35863cf4948f5544fa5c772833f84a16a8180f5", kill_on_drop: false }`
[INFO] running `Command { std: "docker" "rm" "-f" "f19c3e1bdd33a9fdab33c4f0f35863cf4948f5544fa5c772833f84a16a8180f5", kill_on_drop: false }`
[INFO] [stdout] f19c3e1bdd33a9fdab33c4f0f35863cf4948f5544fa5c772833f84a16a8180f5
